d = -47, 5 = 5*d. What is the greatest common divisor of m and i?
12
Suppose -793*x = -859*x + 79200. What is the highest common factor of 525 and x?
75
Let c be (1 + -1756)*(-932)/2330. What is the greatest common factor of c and 594?
54
Let j(x) = 103*x - 535. Let f be j(15). What is the highest common factor of 20 and f?
10
Let a = 5553 + -5547. Suppose 5*g - 751 = -t, -5*g = -g + 5*t - 605. What is the highest common divisor of a and g?
6
Let o = -9325 + 9787. What is the greatest common divisor of o and 3036?
66
Let s be 1106/92 - 1891/86986. Let v(d) = 33*d**2 + 10*d + 1. Let b be v(-7). What is the greatest common divisor of b and s?
12
Let s = 2450 + -2387. Suppose -a = -2*v + 3*v, -2*v = 4*a + 8. Let n be 2*(0 - 14/a). Calculate the highest common divisor of s and n.
7
Suppose 4*j - 83 - 145 = 0. Suppose 0 = -141*c + 144*c. Suppose c = y - 9*y + 152. Calculate the highest common factor of y and j.
19
Let p(m) = -m + 19. Let z be p(17). Suppose -4*d + 592 = 4*y, -z*d - 3*d - y + 748 = 0. Calculate the greatest common divisor of d and 6.
6
Suppose -111 = 2*f - 101. Let q be ((-175)/(-21))/(f/(-15)). Calculate the highest common divisor of 250 and q.
25
Let a = 16726 + 25043. What is the highest common factor of 189 and a?
189
Let k = -44 + 48. Let b be k + (-1 - 1) + 0 + 138. Suppose -6*d + b + 76 = 0. Calculate the highest common divisor of 4 and d.
4
Let h be (-10 + 99/22)/(-3 + (-2285)/(-762)). What is the highest common divisor of h and 33?
33
Let t(o) = 11*o + 201. Let y be t(-16). What is the greatest common divisor of 1215 and y?
5
Suppose -2*p - 150 = -4*p - a, 68 = p + 4*a. Suppose p = 8*c - 124. What is the greatest common divisor of 325 and c?
25
Let t(n) = 149*n + 3. Let w be t(3). Suppose -36*z + 26*z = -w. Calculate the greatest common divisor of z and 60.
15
Let o(i) = -i**3 - 13*i**2 - 5*i + 86. Let f be o(-12). Suppose z = -1, f*x = -5*z + 1296 - 389. What is the highest common divisor of 24 and x?
24
Let h = -26 + 29. Suppose -h*c - 3*n = -n + 163, -54 = c + n. Let u = -31 - c. Calculate the highest common factor of u and 12.
12
Let o = -24 - -39. Let j = -15 + o. Let m be j + 5 + 3 + -1. Calculate the highest common divisor of m and 1.
1
Suppose 138 = 3*m - 3*s, -s + 2 = 4*m - 197. Calculate the highest common factor of 49 and m.
49
Let y = 27918 - 11348. Calculate the greatest common divisor of y and 10.
10
Suppose 3*h = 129*u - 126*u + 6, 0 = 5*u - 3*h. What is the greatest common divisor of u and 939?
3
Suppose 6*f - 4*f - 126 = 0. Let p be 0 - -2*2 - (-5 + 1). Suppose 61 = p*y - 11. Calculate the greatest common factor of y and f.
9
Suppose -10*j + 58 = -242. Suppose 61*g = 51*g + 120. Calculate the greatest common factor of g and j.
6
Let r(g) = -23*g + 1. Let d be r(-5). Suppose -u + d = 18. Suppose -3*a = 3*t - 42, 15 - 1 = a - t. What is the highest common divisor of a and u?
14
Let p(q) = -12*q + 3. Let g be p(-6). Let i be (-24 + -1)/((-13)/39). What is the highest common factor of g and i?
75
Suppose b + 7*x = 5*x + 52, -4*b = x - 236. What is the greatest common factor of b and 150?
30
Let c = 7094 - 7082. What is the greatest common factor of c and 220?
4
Let l = -2355 - -2467. What is the highest common divisor of 368 and l?
16
Let y = 570 + -551. Suppose 106 = y*z - 27. What is the greatest common factor of 224 and z?
7
Let l = 7297 + -6945. Let g(r) = -5*r - 8. Let p be g(-8). Calculate the greatest common divisor of l and p.
32
Suppose -84*o - 18 = -81*o. Let l be (-570)/(-4 + o)*1/3. Let a = -48 + 105. Calculate the greatest common divisor of a and l.
19
Suppose -2*p = -4*w - 128 + 1016, -4*w - 2*p = -904. Let i = -45112 + 45160. What is the greatest common divisor of i and w?
16
Let y = 79 + -23. Suppose 49*d - 51*d + y = 0. What is the highest common divisor of 21 and d?
7
Suppose -1056 = -4*n - 9*n - 31*n. What is the highest common factor of n and 4644?
12
Suppose k - 11577 = -2191. What is the highest common divisor of 52 and k?
26
Suppose 2*o - 3*y = 15948, 4*y + 3038 - 3054 = 0. What is the greatest common divisor of o and 630?
210
Let p = 629 + -219. What is the highest common divisor of 328 and p?
82
Let n = 4148 - 4133. Calculate the greatest common divisor of n and 3645.
15
Let a be 67/(-335) + (-9842)/(-10). What is the highest common factor of 48 and a?
24
Suppose -4*p + 126*w - 124*w + 350 = 0, -5*w = 2*p - 133. What is the greatest common factor of p and 5271?
21
Suppose -3*s + 3*k - 6*k = -51, s = 3*k + 5. Suppose -c + g = -3*g - s, 9 = 3*g. Let t = 152 + -22. What is the greatest common factor of c and t?
26
Let b be (100/150*30/(-8))/(1/(-6)). Let v = 1 - 3. Let l be (-10)/((-3)/(-27)*v). What is the highest common factor of b and l?
15
Let x = 115 - 113. Suppose x*a - 100 = -0*w - 3*w, 2*w - 63 = -5*a. Let d be 110/1*(w/10 + -3). Calculate the highest common divisor of d and 33.
11
Suppose 13*s - 122 = 2335. Suppose -7*i + 166 = 3*z - 3*i, 2*z + 2*i = 110. Calculate the highest common factor of s and z.
27
Let u = -676 + 727. Let y = -10 + 10. Suppose y*o - 85 = -5*o. What is the greatest common factor of u and o?
17
Let o(b) = -3*b - 4. Let l be o(-6). Suppose -l = -z - 11. Suppose -w + 46 = -4*d, -96 = -z*w - 2*d - 14. Calculate the greatest common factor of 15 and w.
15
Let u(y) = -21*y**2 + y + 2. Let z be u(-1). Let i be (-32)/z*-5*1. Let l be (-2)/4 - 132/i. What is the highest common factor of l and 40?
8
Let y be 123*((-16)/(-12))/(8 - 6). Let i(m) = 50*m. Let a be i(-1). Let x = y + a. What is the highest common divisor of x and 8?
8
Suppose -4*q = -5*d + 4161, 3*d - 5001 = -3*d - 3*q. What is the greatest common divisor of 34 and d?
17
Suppose 9838 = 28*z - 18582. Calculate the highest common divisor of 105 and z.
35
Let p be 4/14 + (-187)/(-7). Let c(v) = v**2 + 48*v - 189. Let j be c(-54). Calculate the greatest common factor of p and j.
27
Let h(p) = 4*p**2 + 1. Let n be h(-6). Let a = -132 + n. Calculate the greatest common divisor of 299 and a.
13
Suppose -14*c = -3*l - 11*c + 180, 20 = -5*c. What is the highest common factor of 756 and l?
28
Let r(o) = -37*o + 66. Let x(g) = 12*g - 22. Let c(u) = 2*r(u) + 7*x(u). Let q be c(4). Let l = -406 - -586. Calculate the greatest common divisor of q and l.
18
Let t be ((-63)/14)/(1 + (-15)/10). Let l(o) = -o**2 + 5*o + 38. Let w be l(t). Calculate the greatest common divisor of w and 62.
2
Let j = -5536 + 5513. Let v = -12 + 19. Let q = v - j. Calculate the greatest common divisor of 10 and q.
10
Let s(w) = 2*w**2 - 28. Let y = 107 - 94. Suppose -6*l - 17 = y. Let d be s(l). Calculate the greatest common factor of 2 and d.
2
Suppose 0 = 2*k + 2*v + 118, -4*k - 2*v = 219 + 9. Let b be k/(-2) + -1 - 59/(-118). What is the greatest common divisor of 351 and b?
27
Suppose -y - 2800 = -4*y - 5*l, 5*y = -2*l + 4654. Suppose -d = g + 492, d - g + 1468 = -2*d. Let b = d + y. Calculate the greatest common factor of 40 and b.
40
Let o = 31 + -8. Let v = o - 13. Suppose k + 9*k - 560 = 2*k. What is the greatest common divisor of v and k?
10
Let q be (90/27 - 5)/((-1)/3). Let v be (-3*(-1)/4)/(2/(-32)). Let c = v - -92. Calculate the greatest common factor of q and c.
5
Suppose -5*f = 3*q + 858 + 563, 0 = -q - 4*f - 469. Let p be (-3244)/(-18) - (-106)/q. What is the highest common factor of p and 300?
60
Let c = 431 + -855. Let u = 658 + c. What is the greatest common divisor of 39 and u?
39
Let g be 2/(-15) - 912/(-90). Let w = 153 - -37. What is the greatest common divisor of g and w?
10
Let k be ((-11517)/(-6))/(-11)*-154. What is the highest common divisor of k and 77?
77
Let j be 17 + 1 + 126/(252/(-12)). What is the highest common factor of 1146 and j?
6
Suppose 2 - 7 = -d. Suppose -2*s + 68 = 6*a - a, -s + d*a = -4. Suppose 3*y - 384 = -y. Calculate the highest common divisor of y and s.
24
Let y be ((-114)/4)/((-11)/44). What is the highest common factor of 437 and y?
19
Suppose -54 = -29*a + 120. Suppose p = -3*p + 20. Let u = a + p. Calculate the greatest common divisor of 55 and u.
11
Let d(g) = 11*g + 1. Let p(u) = -u**2 - 12*u + 17. Let t be p(-13). Let f be d(t). Let o = -31 + f. What is the highest common factor of 42 and o?
14
Let c(r) = r**3 - 17*r**2 + 156*r - 46. Let w be c(14). What is the highest common diviso